- -155. Is h prime?
True
Suppose 3*l - n = -2*n + 4, 10 = -5*l - 5*n. Suppose -l*z = -2*x - 950, -5*z - x - 529 = -2108. Suppose 0*i + z = 2*i. Is i a prime number?
False
Let c(f) = -29*f + 50 + 199*f - 29. Is c(6) composite?
True
Let b(n) = n**3 - 12*n**2 - 15*n + 4. Let c be b(13). Let k = c - -32. Let t(x) = 11*x - 13. Is t(k) composite?
False
Let o = -283 + 518. Let w = 361 + -17. Let a = w - o. Is a prime?
True
Let n be 230/(-10) - (2 - -2). Is 4488/27 - (-6)/n a composite number?
True
Let r = -1340 + 2883. Is r prime?
True
Let n(b) = -6 + 3 + 3 - 11 - 918*b. Is n(-1) prime?
True
Let h(q) = -67*q**3 + 6*q - 5. Is h(-4) prime?
True
Suppose -4*x = -3*l + 47039, 3 = -3*x + 15. Is l composite?
True
Let t be 5*(-1 - 0/1). Let z = t - -5. Suppose -275 = -5*x - z*x. Is x a prime number?
False
Suppose 17*m - 4*j - 25821 = 16*m, -3*m = -j - 77452. Is m prime?
False
Let y(w) = 2*w - 2. Let m be y(1). Is 213 - (m + 2/1) composite?
False
Suppose 0*u = 6*u. Is (-3 - -2) + 192/(u - -1) composite?
False
Let p be (-1)/3*(-6 + 0). Suppose 2*n - 3068 - 1962 = 0. Suppose 7*o - p*o - n = 0. Is o a composite number?
False
Suppose k + 16*k = 64753. Is k prime?
False
Suppose -5*s + s = 0. Suppose -4 + s = -2*u - 4*o, 3*o = 2*u + 3. Suppose 2*t + 7 + 3 = u, j - 151 = -2*t. Is j a composite number?
True
Is (0 - 1361)*(-18 + 20 - 4) composite?
True
Let b be 55188/196 + (-3)/(-7). Let z = b - 15. Is z a composite number?
True
Let f(a) = -a**3 + 10*a**2 - 17*a - 1. Let m be f(8). Is 2/m + (-108742)/(-18) a prime number?
False
Is (5/2)/((-2)/(-3004)) a composite number?
True
Let r(l) = -2*l**3 - 7*l**2 - l - 23. Let b = -56 + 44. Is r(b) a prime number?
True
Let o(b) = b**3 + 4*b**2 - 21*b + 46. Is o(17) a prime number?
False
Let y = 0 - 6. Is (5 + y)/(1/(-419)) composite?
False
Let v(i) = i**3 - 6*i**2 + 4*i + 7. Let l be v(5). Suppose -l*k + 7 + 13 = 0. Is (-343)/(-5) + 4/k a prime number?
False
Let m = 595 + -417. Suppose -2*t = -1330 + m. Suppose -2*b - 278 = -4*b + 5*r, -4*b + 5*r = -t. Is b a prime number?
True
Let s = 13786 - 2955. Is s a composite number?
False
Suppose -4*x = -2*x - 5*a - 13, -2*x - 4*a - 14 = 0. Is x + (-1)/(3/(-6246)) composite?
False
Let i(h) = 2*h**3 + h**2 - 3*h + 2. Let v be i(2). Suppose -2154 = -2*g - 2*q - 2*q, v = 4*q. Is g prime?
True
Is 1228/6*60/40 composite?
False
Suppose k - 1 = 18. Let f = k + 12. Suppose 0 = o - y - 22, 3*o - f = 4*y + 38. Is o composite?
False
Let w be ((-6)/(-4))/((-18)/(-24)). Suppose -w*m = -5*m + 12. Suppose l + 2*o - 255 = 6*o, 5*o - 999 = -m*l. Is l composite?
False
Let v(h) = 17*h + 3. Let w be v(6). Let j(b) = -20*b - 295. Let r be j(-15). Suppose 2*u + 2*u + w = f, 4*f - r*u - 398 = 0. Is f a composite number?
False
Let b be (-188)/6*(4 - 10). Is 5/(-5) + 0 + b + 0 a prime number?
False
Let r(b) be the second derivative of b**4/12 - b**3/2 - 3*b**2/2 + 4*b. Let w be r(6). Let u = w + 4. Is u a prime number?
True
Suppose -45*u = -49*u + 4844. Suppose -4*i + u = 135. Is i composite?
False
Let b = -298 - -1277. Is b prime?
False
Let s be 4/30 - (-602)/210. Suppose -2*l - 2915 = -5*k - 7*l, s*l - 575 = -k. Is k a prime number?
True
Suppose -c + 28 = 6*c. Suppose 3*h + 0*v = -5*v + 2492, 0 = -c*h + 3*v + 3371. Is h composite?
False
Suppose 31*q - 29*q = 4600. Let l = 6147 - q. Is l a composite number?
False
Let n = 266 - 167. Suppose -4*q - 281 = -81. Let t = q + n. Is t a prime number?
False
Suppose -8*n = 20454 - 231214. Suppose n = 13*c - 78422. Is c a composite number?
False
Suppose 3*h - 9384 = -3*l, -2*l = -l - h - 3134. Is l prime?
False
Is 65/39*-3 + 1936 prime?
True
Let n = -3 + 2. Let t(q) = -18*q + 88. Let w be t(5). Is (n - (-322)/(-4))*w a prime number?
True
Let q = 27 + 33. Is (-7294)/(-8)*q/15 composite?
True
Let p(j) = j**3 - 17*j**2 + 21*j + 7. Let s be (-78)/(-5) + (-8)/(-20). Is p(s) a composite number?
True
Let u be (-35)/14*2*(-4)/10. Suppose 2*q = q + w + 181, -3*q + 541 = -u*w. Is q a prime number?
True
Suppose 5*p = 5, -2*r - p + 7687 + 129012 = 0. Is r prime?
False
Is (170093/(-21) - -6)*-3 a composite number?
False
Suppose -4*a = -2*m, -1 + 3 = a. Suppose l = -m*z + 364, 455 = 5*z - 0*z + 2*l. Suppose -s + 228 = -z. Is s a composite number?
True
Let t be 21/(-28)*16/(-6). Suppose -l - z - 2*z = -t, -5*l = -z - 10. Suppose l*u - 190 = 32. Is u composite?
True
Let k(c) = c**2 + 2. Let f be k(0). Suppose m - 5*i = 64, 6*m = f*m + 2*i + 310. Is m a composite number?
False
Suppose -194*v + 189*v = -9685. Is v a prime number?
False
Let q(x) = 192*x**3 - x**2 - x + 1. Let r = -9 - -10. Is q(r) composite?
False
Let y(p) = -p**2 + 10*p + 9. Let z be y(10). Let s(l) = -l**3 + 8*l**2 + 12*l - 6. Is s(z) a composite number?
True
Let i(a) = 14*a + 34 + 6*a + 3*a**2 + 0*a - 5. Is i(-12) prime?
False
Suppose -106679 + 343342 = 7*g. Is g composite?
False
Let s(a) = 594*a - 725. Is s(7) a prime number?
True
Suppose 3*b - 286813 = 4*i, 5*b - i - 2*i - 478018 = 0. Is b composite?
False
Let j = -4575 - -15416. Is j prime?
False
Suppose -82*i + 220424 + 166698 = 0. Is i composite?
False
Let j(n) = 4*n - 32. Let p be j(8). Suppose 6*c - 2311 - 15911 = p. Is c prime?
True
Let v be 46/14 + (-44)/154. Suppose 0 = f + v, x - 91 = -3*x - 3*f. Is x a composite number?
True
Let o = 1965 + -1634. Is o a prime number?
True
Let r(p) = -25*p + 21. Suppose -2*f + 0*j + 2*j = 32, -2*f - 11 = 5*j. Is r(f) a prime number?
False
Let p(x) = -3*x + 21. Let i be p(6). Suppose q - i*w = -w + 245, -2*q - 2*w + 496 = 0. Is q composite?
True
Let t = -234 - -427. Let u(b) = 144*b + 2. Let r be u(2). Let a = r - t. Is a a composite number?
False
Let w be ((-2)/5)/(50/(-1125)). Suppose -u - 19 = n + 2*u, 3*n + 15 = 5*u. Let v = w - n. Is v a composite number?
False
Suppose 0*a - 678 = -2*a - 2*p, -p + 4 = 0. Let n = a - -864. Is n a composite number?
True
Is (-2234409)/(-387) + 1*2/(-3) prime?
False
Let h(g) = g**3 - 5*g**2 + g - 5. Let a be h(5). Suppose -4*m = a, 5*u - 1940 = -2*m + 845. Is u a composite number?
False
Let y = -9771 - -37100. Is y composite?
False
Let d(i) = -i - 5. Let o be d(-7). Suppose r - 6 = o*r. Is 5/(15/r) - -8 prime?
False
Suppose -o + 204 = -249. Let x be (o - 10/(-5)) + -3. Suppose -5*m + 78 + x = 0. Is m a composite number?
True
Suppose 2*q - 5*r = 6518, 0*r = -5*q - 4*r + 16361. Is q prime?
False
Let k(f) = f**2 - f + 7. Suppose 0 = 4*c - 11*c + 63. Is k(c) prime?
True
Let j(t) = -62*t + 6. Let k be j(-4). Let x = k - 180. Suppose 0*v = v - x. Is v composite?
True
Let o be 6/(-2) - (0 + 3005)*-1. Suppose 841 = -v + o. Is v a prime number?
True
Suppose 0 = -8*a + 52315 - 6963. Is a a prime number?
True
Let y(z) = -74*z + 49. Let m be y(-7). Let g = -364 + m. Is g prime?
False
Is 0 + (759 - -6) + 4 a prime number?
True
Is 6010 + (9/(-5 + 2) - 0) prime?
True
Suppose 2 = 2*u, -5*u + 1354 - 5404 = -5*o. Is o composite?
False
Suppose -3*l + 4*p + 19871 = 0, 21*l - 19907 = 18*l - 5*p. Is l a prime number?
False
Let r = -11 + 16. Let u(c) = -13*c**2 + 4*c + 1. Let h be u(r). Let v = -125 - h. Is v a composite number?
False
Let q(k) = -k**3 - 5*k**2 - 25*k + 23. Is q(-16) prime?
False
Suppose -q - 2 = -0*q. Let y be 2178/77 + q/7. Suppose y + 157 = i. Is i a prime number?
False
Let i = 78 + -56. Let f = i - -169. Is f a prime number?
True
Let p(r) = r**3 - 2*r**2 + 3*r - 3. Let j be p(2). Suppose -b + s + 78 = 74, -4 = -b + 4*s. Suppose a + 509 = g, -b*a = -j*g - 7*a + 1503. Is g composite?
True
Let l = 25783 + -4406. Is l prime?
True
Suppose -1591 = -i + 1858. Is i prime?
True
Suppose 8*b - 45864 - 21824 = 0. Is b a composite number?
False
Let l = 57966 - 20015. Is l a prime number?
True
Let a(w) = -w**3 + 8*w**2 + 9*w + 13. Let b be a(9). Let d = 3 - b. Is 146/4 - 5/d prime?
True
Let p(j) = 9*j**2 - 41*j + 9. Is p(19) a composite number?
True
Is 7 + (-7)/(28/(-129384)) a composite number?
False
Let u(x) = 3187*x**2 - 3*x - 3. Let b be u(-1). Let m = -300 + b. Is m composite?
False
Suppose 5*b - 60 = -5*w, -3*w + 48 = 5*b - 2*w. Suppose 4*s = -5*c + 15, -3*c + 0*c - 2*s + b = 0. Suppose 2084 = v + c*v. Is v a prime number?
True
Let v be 2 - (0 + 0) - 3. Let s be 2248/8 - (0 - v). Suppose -2*q = -s - 430. Is q a composite number?
True
Suppose 0 = -3*q - 3 + 24. Let n(y) = 46*y + 18. Let z(g) = 15*g 